Suppose 0 = -3*s + 7*s. Suppose s = -y - y + 18. List the prime factors of y.
3
Let y be (-860)/12 - (-2)/(-6). Let o = -41 - y. What are the prime factors of o?
31
Let h = 86 - 13. What are the prime factors of h?
73
Let k be 121/(-3) - (-2)/6. List the prime factors of (-150)/k + 2/8.
2
Suppose -o = w + 24, -2*w - 4*o - 52 = -6*o. Suppose v - 4 = 3*v. What are the prime factors of (-1)/2 + w/v?
2, 3
Let y = 20 + 44. What are the prime factors of y?
2
What are the prime factors of 405/6 + 5 - 2/(-4)?
73
Suppose -v + 41 = 4. Suppose 72 = 4*b + 4. Suppose -o - 3*f + b = 3*o, -f = -4*o + v. What are the prime factors of o?
2
Let y = 0 - -4. Suppose 0 = -i + k + 8, 0 = -y*i - 5*k - 4. What are the prime factors of i?
2
Let f(i) = 14*i**2 + 2*i + 1. Let k be 30/(-42) + (-4)/14. List the prime factors of f(k).
13
Let f(x) = -4 - 2*x**2 - 3*x + 2 + 6*x. Let k be f(2). Let c(u) = 2*u**2 + 7*u + 6. List the prime factors of c(k).
2, 5
Let a = 1 - -1. Suppose -a*h = -5*h. Let c = h + 3. List the prime factors of c.
3
Let a = -30 + 75. What are the prime factors of a?
3, 5
Let m(p) = 2*p**3 + 4*p**2 - p + 1. Let a be m(-3). List the prime factors of 6/(-4)*(a + 0).
3, 7
Let m(q) = -q**3 + 6*q**2 - 5*q - 4. Let i be m(6). Let y be (-1)/1*2 - i. Suppose -3*k = 4*h - y, h = 2*h + 3*k - 17. What are the prime factors of h?
5
Suppose -12*s + 2*s + 1130 = 0. List the prime factors of s.
113
List the prime factors of -10*(2 + 21/(-6)).
3, 5
Let c(p) = -p**2 - p + 9. Suppose -t = 3*t - 8. Suppose 0*r - t*r = 0. List the prime factors of c(r).
3
Suppose 0 = -m - 3*u + 224, -2*m + 4*u = m - 620. List the prime factors of m.
2, 53
Let g be (-15)/3 + 4 + -2. Let h be 1/(g/(-87) - 0). Let m = h + -16. List the prime factors of m.
13
Suppose 11*c - 52 = 564. What are the prime factors of c?
2, 7
List the prime factors of 34/289 - (-540)/34.
2
Suppose -6 = 5*o - 11. What are the prime factors of (2/3)/(o/21)?
2, 7
Let k(o) = -o**3 - 7*o**2 - 4*o - 4. Let t be k(-6). Let n = 4 - t. What are the prime factors of n?
2, 5
Let a = 12 - 2. Suppose 0*u + 5*u = -a, 3*b = 3*u + 60. List the prime factors of b.
2, 3
Suppose 3*l - 9 = -3*k, 8 = -5*l + k + 23. List the prime factors of (-3)/3*(l + -24).
3, 7
Let h(g) = g**3 - 4*g**2 + 3*g + 4. Let f be h(3). Let b be 111/12 + 3/f. Let v = 20 - b. What are the prime factors of v?
2, 5
Let v(l) be the second derivative of -l**5/24 - l**4/24 - l**3/3 - 2*l. Let o(a) be the second derivative of v(a). List the prime factors of o(-1).
2
Let l be (-2)/1*(-14)/7. Let m(w) = w**3 - 3*w**2 - 2*w - 5. Let t be m(l). List the prime factors of (4/3)/(t/27).
2, 3
Suppose 5*g = 2*i - 31, -5*g = 2*i + i + 16. Suppose -3*m - 168 = -4*f, 4*m = -2*f - i*f + 179. List the prime factors of f.
3, 13
Suppose -15 - 3 = -3*b. Let k be b/4 - (-17)/2. What are the prime factors of 138/10 - (-2)/k?
2, 7
Suppose f = -f - 10. Let v = -3 - f. List the prime factors of -7*(-3 + (4 - v)).
7
Let s = 98 + -44. What are the prime factors of s?
2, 3
Let t = 21 - 11. List the prime factors of t.
2, 5
Let d = -15 - -30. List the prime factors of 2/3 + 170/d.
2, 3
List the prime factors of (8 - 18)*1*-4.
2, 5
List the prime factors of (0 - -198) + (-9 - -3 - -5).
197
What are the prime factors of (46/1 - 3)/1?
43
Let z(c) = -c + 6*c**2 + 3*c - c. Let w = -3 + 2. What are the prime factors of z(w)?
5
Let w = 0 + 0. Let a(i) = i + 42. Let c be a(w). Suppose 5*h + 6 - 58 = 4*k, 3*k + c = 4*h. What are the prime factors of h?
2, 3
Let h(u) = -13*u - 16. List the prime factors of h(-10).
2, 3, 19
Let q = -5 - -11. List the prime factors of q.
2, 3
Suppose 28 + 32 = 4*y. Suppose j + y = 6*j. Suppose 20 - 5 = j*q. List the prime factors of q.
5
Let i be (-19)/(-5) - 2/(-10). Suppose 3*s = 44 - 14. Suppose 3*c - i*c = -s. List the prime factors of c.
2, 5
Let b = -15 - -18. What are the prime factors of (3/b)/((-1)/(-36))?
2, 3
Let l(z) = 5*z - 5. What are the prime factors of l(2)?
5
Let r = -223 - -467. List the prime factors of r.
2, 61
Let x(a) = a**3 + 7*a**2 - 9*a + 2. Suppose 5*l + 30 + 10 = 0. List the prime factors of x(l).
2, 5
Let i(w) = w**2 - 5*w + 6. Let a = -18 - -25. What are the prime factors of i(a)?
2, 5
List the prime factors of (-726)/11*(-3)/2.
3, 11
Let z(d) be the third derivative of d**4/12 - 5*d**3/6 + 2*d**2. What are the prime factors of z(10)?
3, 5
Let w(p) = -p - 3. Let s be w(-5). Suppose 0 = 5*l - z - 82, -l - 3*l + s*z + 62 = 0. What are the prime factors of l?
17
Suppose 8 = 4*b - 364. Suppose 0 = -h - 2*h - 3*n + b, 5*h - 4*n = 182. Suppose 3*m - h = m. List the prime factors of m.
17
Suppose 0*w + 3*w - 18 = 0. List the prime factors of w/(-10)*20/(-4).
3
Let c = 5 - 3. Suppose 3*x + 12 = -5*n, c*x = -2*x - 16. Let g = n - -2. What are the prime factors of g?
2
List the prime factors of 3*6/9 + 28.
2, 3, 5
Let h(c) = -c**2 - 9*c - 9. Let s be h(-9). Let d be 6/(-9) - 186/s. Suppose -5*x = -d - 45. What are the prime factors of x?
13
Let b(g) = g**3 - 6*g**2 - 6*g - 7. Let d = 2 + 5. Let x be b(d). Suppose x*s - v = 2*s - 9, s = -2*v + 12. What are the prime factors of s?
2
Suppose -2*c - 2 = -3*c. What are the prime factors of (c/(-3))/((-10)/75)?
5
Suppose 0 = 2*z - 2*j - 0*j - 12, -4*j + 6 = z. Suppose 4*l - z*l + 68 = 0. Let g = -22 + l. What are the prime factors of g?
2, 3
Suppose -3*n - n = -512. What are the prime factors of n?
2
Let o(w) be the third derivative of -w**4/3 + w**3/6 + w**2. Let h = -3 - -2. List the prime factors of o(h).
3
Let p = 2 + 0. Suppose -3*g = -4*g + 1. Suppose p*l + g = 11. List the prime factors of l.
5
Let v be -1 + 1/(1/25). Suppose 18 + v = 3*l. Suppose 4*z = 3*w - 0*w - l, -3*w + 3*z = -18. What are the prime factors of w?
2, 5
Let j = -2 - -7. Suppose f = 8*f + 14. Let k = f + j. List the prime factors of k.
3
Let n(j) be the third derivative of -j**4/12 + 2*j**3/3 + 5*j**2. List the prime factors of n(-4).
2, 3
Let l(y) = y**2 + 2*y - 12. What are the prime factors of l(-8)?
2, 3
Let y(p) = p**3 - 3*p**2 + 5*p - 3. Let g be y(3). Let o = g + -2. What are the prime factors of o?
2, 5
Suppose 5*j - 5*t = 40, t + 12 = 2*j - 7. What are the prime factors of j?
11
Let p(h) = -7*h - 1. Let a(q) = 3*q. Let j(z) = -5*a(z) - 2*p(z). Let d be j(2). Suppose d*b + 4*b - 20 = 0. What are the prime factors of b?
5
Suppose 4*b = 11 + 17. List the prime factors of b.
7
Let t(l) = 3*l + 5. Let r be t(-7). Let c = -22 - r. Let j = 12 + c. List the prime factors of j.
2, 3
Suppose -201 = -2*f + 11. Suppose 118 = 5*h + 4*j, f = -h + 6*h - 2*j. List the prime factors of h.
2, 11
Suppose -g + 3*g = 60. List the prime factors of g.
2, 3, 5
Let k(m) = 5*m**2 + m - 1. Suppose -10 = 4*o + o. What are the prime factors of k(o)?
17
Suppose 63 = 4*l - 49. List the prime factors of l.
2, 7
Let k = -191 + 336. What are the prime factors of k?
5, 29
Suppose 3*d - 8 = 10. Suppose 0 = -2*s - d + 20. What are the prime factors of s?
7
Let d = 6 - 2. Suppose 2*i + 9 = r, d*i + 13 = 1. What are the prime factors of r?
3
Suppose -3*j = q + q + 5, 12 = 3*q - 2*j. Suppose 3*v - 432 = -6*v. Suppose 5*a - q*a = v. What are the prime factors of a?
2
What are the prime factors of (-7 - -3) + 31/1?
3
Let s(h) = h**2 + 16*h + 57. List the prime factors of s(-18).
3, 31
Let v = 2 - 0. Suppose 2*d - d = 5. Let c = d - v. List the prime factors of c.
3
Suppose 114 = 13*r - 10*r. List the prime factors of r.
2, 19
Suppose 4*b - 2 = -h + 5, 5*h + 3*b - 18 = 0. Suppose -h*q = 3*u - 162, q = 4*q + 3. List the prime factors of u.
5, 11
Suppose -15 = 7*q - 2*q. Let t be q/12 + (-9)/(-4). Suppose -2*a = -4*a + t*u + 14, 14 = 3*a + 4*u. List the prime factors of a.
2, 3
Let q be (9 + 0)/((-1)/(-2)). Let h = 5 + q. What are the prime factors of h?
23
Let p be -1 + 5 - 1*2. Let k(m) = -1 + 2*m + 6 - 5. List the prime factors of k(p).
2
Let z be 80/36 - (-2)/(-9). Let g = 4 + z. List the prime factors of g.
2, 3
Let j be 2/(-4) - (-14)/4. Let b = j + -11. Let a = b - -15. What are the prime factors of a?
7
Let a = 30 - -34. List the prime factors of a.
2
Let a(r) be the first derivative of r**6/90 + r**5/60 + r**4/24 + r**3/3 - 2. Let j(z) be the third derivative of a(z). What are the prime factors of j(-1)?
3
What are the prime factors of (1 - -186) + 6/